ainder when (-4 + 84/15)*n is divided by 5.
1
Let d(a) = -a**3 + 17*a**2 - a + 23. What is the remainder when 4/(-16) - (-45)/4 is divided by d(17)?
5
Suppose -h + 40 = -c, 0*c - c + 80 = 2*h. Calculate the remainder when h is divided by (12/(-16))/((-1)/28).
19
Let s(h) = 26*h - 2. Let d be s(-2). What is the remainder when 37 is divided by 2/(-4) - d/4?
11
Suppose -3*l + t - 75 = 48, -135 = 3*l - 5*t. Let r = l + 113. Suppose 100 = -4*w + 8*w. Calculate the remainder when r is divided by w.
23
Let w = -64 + 127. Let h = -26 + w. Suppose 3*b + 21 = 5*c + 80, -3*b + 23 = 4*c. What is the remainder when h is divided by b?
11
Let v be (0 + 4)/(-2 - -4). Let n(c) = -2*c - 5*c - 3 - c**v + c**3 + 6*c**2. Calculate the remainder when 7 is divided by n(-6).
1
Calculate the remainder when (7648/96)/((2/6)/1) is divided by 20.
19
Let b(c) = -2*c - 4. Let r = -18 + 11. What is the remainder when b(r) is divided by 6?
4
Let z = 34 + -14. Let x be 1/(-1)*(-3 - 2). Suppose n = 2*s - 26, -2*n + 0*n = -x*s + 63. What is the remainder when z is divided by s?
9
Suppose 5*w - 2*b = 1065 - 116, 570 = 3*w - b. What is the remainder when w is divided by 32?
31
Suppose -3*t + 3 = 0, -3*q = -3*t - 0*t - 132. Calculate the remainder when 131 is divided by q.
41
Suppose 3*i - 8 = 1. Suppose c = -i*c + 48. Let t = 2 - -33. Calculate the remainder when t is divided by c.
11
Let f(i) = -i**3 + 10*i**2 - 6*i - 4. Let c = 12 - 6. What is the remainder when f(9) is divided by c?
5
Let b = -8 - -21. Let g = b + -6. What is the remainder when 26 is divided by g?
5
Let h = -14 - -6. Calculate the remainder when 21 is divided by 2 - (-24)/(h/(-2)).
5
Let q = -2 - -5. What is the remainder when q is divided by 2?
1
Let a = -12 + 13. Suppose -2*m = -5*m + 9. Let v = 5 - m. What is the remainder when v is divided by a?
0
Let c(y) = -y**2 - 16*y - 32. What is the remainder when 12 is divided by c(-13)?
5
Let r(w) = 5 + 2*w + 5*w**2 + 4*w + 4 - 4*w**2. What is the remainder when r(-6) is divided by 5?
4
Let v be (-399)/(-15) - 4/(-10). Let j = -19 + v. Let q(b) = -b**3 + 7*b**2 + 8*b + 4. Calculate the remainder when q(j) is divided by 2.
0
Let c = -26 + 34. What is the remainder when c is divided by 3?
2
Let g(w) = 3. Let o(l) be the second derivative of l**3/6 + 13*l**2/2 - 3*l. Let k(i) = -9*g(i) + 2*o(i). What is the remainder when 20 is divided by k(4)?
6
Suppose 2*y = -2*b + 4*b - 14, -b = 5*y - 19. Let c = -18 + 32. Suppose -2*d - 3*x = -c, -3*x + 18 = 4*d - d. What is the remainder when b is divided by d?
1
Let w(p) = -p**3 - 4*p**2 - 4*p - 19. What is the remainder when 129 is divided by w(-5)?
25
Let z = -11 + 15. What is the remainder when z is divided by 1?
0
Let p = -67 + 74. Suppose -16 = -5*h + 44. What is the remainder when h is divided by p?
5
Let r(w) = -w**2 + 17*w + 23. Let t be r(16). Suppose 2*c - t + 9 = 0. Calculate the remainder when c is divided by 8.
7
Calculate the remainder when (55 + 7)/(4/10) is divided by 39.
38
What is the remainder when ((-126)/10)/((-1)/5) is divided by 16?
15
Let v = -3 + 9. Let t = -3 + v. Calculate the remainder when 11 is divided by t.
2
Let z = 0 - -2. Suppose z*k - 50 = -3*k. Suppose -20 = -5*b - 2*u, 0 = -b - u - 0*u + 4. Calculate the remainder when k is divided by b.
2
Let h = 87 - 80. What is the remainder when 96 is divided by h?
5
Let z(y) = 6*y - 5. What is the remainder when z(4) is divided by -1 + 9 - 5/5?
5
Suppose -29 = -u + 5*j, -7*u + 32 = -3*u + j. Let g(v) = v + 10. What is the remainder when u is divided by g(-5)?
4
Suppose -3*c - 5*l = -8*c + 50, 44 = 4*c - 3*l. What is the remainder when 55 is divided by c?
13
Suppose 0*k + 165 = 5*k. Calculate the remainder when k is divided by 7.
5
Suppose 95 = 4*h - 2*a + 33, -4*a + 38 = h. Calculate the remainder when 106/2 - (-1 + 1 + 0) is divided by h.
17
Suppose -8 = -4*v, 5*v = -3*r + 17 + 8. Let l(s) = -s. What is the remainder when r is divided by l(-2)?
1
Calculate the remainder when (30/5 - 5)/(2/200) is divided by 34.
32
Suppose 0 = 5*s - 2*s. Suppose s = -2*o + 3 + 3. Calculate the remainder when 10 is divided by o.
1
Let o = 42 - 26. Calculate the remainder when o is divided by 9.
7
Suppose -i = -3*g + 48, -4*i + 0*i = -2*g + 22. Let a = 4 - -1. What is the remainder when g is divided by a?
2
Suppose 5*j + 0*u + u - 54 = 0, 26 = 2*j - 4*u. What is the remainder when 6/(-9) + 98/3 is divided by j?
10
What is the remainder when ((-3)/(4 + -1))/((-3)/279) is divided by 24?
21
Let m = -64 - -69. Suppose 7 = 5*r - 3. Calculate the remainder when r/m + (-506)/(-10) is divided by 26.
25
Suppose 25*i - 92 = 33. Let j(y) = -y**3 + 5*y**2 + 3. Let b be (-1 - 2)*(-10)/6. What is the remainder when i is divided by j(b)?
2
Let s = -9 + 31. Suppose -3*z = -5*z + s. Suppose 90 = 5*g + 5*x, -3*g + 5*g + x = 38. Calculate the remainder when g is divided by z.
9
Let f(w) = -w**3 - 7*w**2 + 5*w + 3. Let j be f(-6). What is the remainder when (6/(-9))/(6/j) is divided by ((-2)/(-3))/(8/36)?
1
Let t = 88 - 87. What is the remainder when t is divided by 1?
0
Suppose -6 = 6*w - 114. Calculate the remainder when 46 is divided by w.
10
What is the remainder when 17 is divided by (1/1)/(2/22)?
6
Let k(m) = 50*m + 2. Let y be k(2). Suppose -z - z = -y. What is the remainder when z is divided by ((-18)/1)/(5/(-4 + -1))?
15
Let s(f) be the second derivative of f**4/12 - 2*f**2 - 7*f. What is the remainder when 34 is divided by s(4)?
10
Calculate the remainder when 1540/20 + (1 + 1 - 5) is divided by 19.
17
What is the remainder when 1/((-57)/30 + 2) is divided by 5?
0
Suppose -30 = -7*n + 5*n. Calculate the remainder when 44 is divided by n.
14
Suppose 2*h = -q + 18, 3*h + 9 = 3*q - 9. Let c(p) = 3*p**2 - 3*p + 3. Calculate the remainder when c(4) is divided by q.
9
Calculate the remainder when 5/35 + 586/14 is divided by 11.
9
Suppose 39 + 46 = 5*t. Suppose t = v + 6. What is the remainder when 21 is divided by v?
10
Suppose -4*s + 132 = -s. Let i be s/10 + (-2)/5. Let k(g) = 3*g + 3. Calculate the remainder when 29 is divided by k(i).
14
Let f(v) be the first derivative of 17*v**2/2 - 4. What is the remainder when (-6)/10 - 243/(-5) is divided by f(1)?
14
Let q(g) = -4*g + 5. Let i(l) = 8*l**2 - 4*l + 2. Calculate the remainder when i(3) is divided by q(-4).
20
Suppose -6*u + u = -20. Suppose 6 = -3*n - 0*n. Let h = 5 + n. What is the remainder when u is divided by h?
1
Let t = 19 + -6. Let o(z) = -z**3 - 8*z**2 - 4*z + 4. What is the remainder when o(-8) is divided by t?
10
Let j be 0/(3/((-3)/(-1))). Suppose 2*l - l - 4 = j. Suppose -5 = -5*t - 0*x + 5*x, 3*x - 39 = -l*t. Calculate the remainder when t is divided by 4.
2
Suppose v + 3*v - 38 = -y, -5*v = -2*y - 41. Suppose u = 2*u - v. Calculate the remainder when 17 is divided by u.
8
Suppose x - 14 = -3. Let p = 45 + -14. What is the remainder when p is divided by x?
9
Let m(j) = 2*j - 3. Let p be m(4). Suppose p*s - 23 = 2*y - 89, -5*s = 5*y - 130. Calculate the remainder when y is divided by 15.
13
Suppose -341 - 39 = -20*n. Calculate the remainder when 33 is divided by n.
14
Suppose t - 3*t + 8 = 0. Calculate the remainder when 9 is divided by t.
1
Calculate the remainder when 13 is divided by (1 - 2)*4*-1.
1
Suppose 3 - 7 = -h. Suppose 18 = 2*f + 4*g, 4*f - 5*g - 54 = 2*f. What is the remainder when 24*-3*h/(-9) is divided by f?
15
Let q = -88 + 91. Let b = 1 - -7. Calculate the remainder when b is divided by q.
2
Let h be 19/(-3)*1*-6. Let v = h + -18. What is the remainder when 38 is divided by v?
18
Let z(y) = y**3 - 4*y**2 - 6*y + 1. Calculate the remainder when z(6) is divided by 8.
5
Suppose -2*h + 6 + 10 = 0. Calculate the remainder when (-62)/(-2) - (-4 - -5) is divided by h.
6
Calculate the remainder when 74 is divided by (192/(-2))/3*(-2)/4.
10
Suppose -5*f - 25 - 26 = -l, -f = -l + 31. What is the remainder when 103 is divided by l?
25
Let g be (4/(-12))/(1/(-3)). Let s(x) = 11*x**2 + 1. Suppose r + 44 = m, 0 = -2*m - 2*m - 3*r + 190. Calculate the remainder when m is divided by s(g).
10
Let a = 98 - 75. What is the remainder when a is divided by 6?
5
Suppose -6*a + x = -3*a - 179, 5*x - 81 = -a. Calculate the remainder when a is divided by 17.
10
Suppose -4*g + 3*k + 166 = g, -5*g + 164 = -2*k. Calculate the r